{"id":224,"date":"2022-04-19T11:20:19","date_gmt":"2022-04-19T11:20:19","guid":{"rendered":"https:\/\/renatekruse.de\/?page_id=224"},"modified":"2023-06-17T14:23:05","modified_gmt":"2023-06-17T14:23:05","slug":"was-in-meiner-praxis-praktisch-moeglich-ist","status":"publish","type":"page","link":"https:\/\/www.renatekruse.de\/?page_id=224","title":{"rendered":"Mein Beratungsangebot"},"content":{"rendered":"\t\t<div data-elementor-type=\"wp-page\" data-elementor-id=\"224\" class=\"elementor elementor-224\">\n\t\t\t\t\t\t<section class=\"elementor-section elementor-top-section elementor-element elementor-element-5e1485c6 elementor-section-boxed elementor-section-height-default elementor-section-height-default\" data-id=\"5e1485c6\" data-element_type=\"section\" data-e-type=\"section\">\n\t\t\t\t\t\t<div class=\"elementor-container elementor-column-gap-default\">\n\t\t\t\t\t<div class=\"elementor-column elementor-col-100 elementor-top-column elementor-element elementor-element-589fe1ed\" data-id=\"589fe1ed\" data-element_type=\"column\" data-e-type=\"column\">\n\t\t\t<div class=\"elementor-widget-wrap elementor-element-populated\">\n\t\t\t\t\t\t<div class=\"elementor-element elementor-element-2b7c8049 elementor-widget elementor-widget-text-editor\" data-id=\"2b7c8049\" data-element_type=\"widget\" data-e-type=\"widget\" data-widget_type=\"text-editor.default\">\n\t\t\t\t<div class=\"elementor-widget-container\">\n\t\t\t\t\t\t\t\t\t<p><span style=\"color: #808080;\"><b>&#8222;Weil<\/b><strong> Sie die L\u00f6sung schon in sich tragen, kann sich ver\u00e4ndern was Sorgen bereitet und ausweglos scheint.&#8220;<\/strong><\/span><\/p><div><div><div><div><p>Ich biete Einzel- und Familienberatungen an, die in der Regel 60 Minuten dauern. Die individuellen Bed\u00fcrfnisse und Anliegen meiner Klienten sind mir jedoch sehr wichtig und ich plane auch zeitlich jeden Termin\u00a0 entsprechend.<\/p><p>Bei Bedarf biete ich Online-Beratungen \u00fcber Skype an. Manchmal ist so ein schneller Zugang ganz hilfreich und auch n\u00fctzlich.<\/p><p><b><br \/>Beratung<br \/><\/b><\/p><ul><li style=\"list-style-type: none;\"><ul><li>Wenn Sie Entlastung suchen.<\/li><li>Wenn Sie sich selber neu organisieren m\u00f6chten.<\/li><li>Wenn Entscheidungen anstehen und Sie unsicher sind.<\/li><li>Wenn Sie L\u00f6sungen f\u00fcr Konflikte suchen.<\/li><li><span style=\"font-family: var( --e-global-typography-text-font-family ), Sans-serif; font-weight: var( --e-global-typography-text-font-weight ); font-size: 1rem;\">Wenn Ihnen im Alltag Lebensqualit\u00e4t fehlt, weil Sie \u00fcberlastet sind oder sich antriebslos f\u00fchlen.<\/span><\/li><li>Wenn Sie psychische Besonderheiten bei sich oder in ihrem nahen Umfeld erleben.<\/li><li><span style=\"font-family: var( --e-global-typography-text-font-family ), Sans-serif; font-weight: var( --e-global-typography-text-font-weight ); font-size: 1rem;\">Wenn Gedankenschleifen zur Belastung werden und Ihre Handlungsf\u00e4higkeit eingeschr\u00e4nkt ist.<\/span><\/li><\/ul><\/li><\/ul><div><b><br \/>Famlienberatung &amp;<br \/><\/b><\/div><div><b>Elterncoaching<br \/><\/b><\/div><div><b style=\"caret-color: #000000; color: #000000;\">\u00a0<\/b><\/div><ul><li style=\"list-style-type: none;\"><ul><li>Wenn Sie sich in Ihrer Lebensgemeinschaft nicht mehr so wohlf\u00fchlen, wie Sie es sich w\u00fcnschen.<\/li><li>Wenn Sie als Eltern, als Mutter oder Vater einen konstruktiven Umgang mit Ihrem Kind vermissen.<\/li><li>Wenn Sie Besonderheiten Ihres Kindes verstehen und einen Umgang damit finden m\u00f6chten.<\/li><li>Wenn Sie sich in sogenannten Schwellensituationen befinden und Sie das Neue noch verunsichert.<\/li><li>Wenn Sie Informationen zu St\u00f6rungsbildern, stagnierende oder schwierige Entwicklungen suchen.<\/li><\/ul><\/li><\/ul><p><b><br \/>Treffpunkt f\u00fcr Jugendliche und Erwachsene mit einer Autismusspektrumst\u00f6rung<span style=\"color: #0000ff;\">\u00a0\u00a0\u00a0\u00a0\u00a0\u00a0\u00a0\u00a0\u00a0\u00a0\u00a0\u00a0\u00a0\u00a0\u00a0\u00a0\u00a0\u00a0\u00a0\u00a0\u00a0\u00a0\u00a0\u00a0\u00a0\u00a0\u00a0\u00a0\u00a0\u00a0\u00a0\u00a0\u00a0\u00a0\u00a0\u00a0\u00a0\u00a0\u00a0\u00a0\u00a0\u00a0\u00a0\u00a0\u00a0\u00a0\u00a0\u00a0\u00a0\u00a0\u00a0\u00a0\u00a0\u00a0\u00a0\u00a0\u00a0\u00a0\u00a0\u00a0\u00a0\u00a0\u00a0\u00a0\u00a0\u00a0\u00a0\u00a0\u00a0\u00a0\u00a0\u00a0\u00a0\u00a0\u00a0\u00a0\u00a0\u00a0\u00a0\u00a0\u00a0\u00a0\u00a0\u00a0\u00a0\u00a0\u00a0\u00a0\u00a0\u00a0\u00a0\u00a0\u00a0\u00a0\u00a0\u00a0\u00a0\u00a0\u00a0\u00a0\u00a0\u00a0\u00a0\u00a0\u00a0\u00a0\u00a0\u00a0\u00a0\u00a0\u00a0\u00a0\u00a0\u00a0\u00a0\u00a0\u00a0\u00a0\u00a0\u00a0\u00a0\u00a0\u00a0\u00a0\u00a0\u00a0\u00a0\u00a0\u00a0\u00a0 <br \/><\/span><\/b><\/p><ul><li style=\"list-style-type: none;\"><ul><li>Wenn ihr einen Austausch mit anderen Menschen mit ASS sucht.<\/li><li>Wenn ihr Kontakte kn\u00fcpfen und eure Kommunikationsf\u00e4higkeit erweitern m\u00f6chtet.<\/li><li>Wenn ihr Erfahrungen austauschen und eine anregende Zeit verbringen wollt.<\/li><\/ul><\/li><\/ul><\/div><\/div><\/div><\/div><div><div>\u00a0<\/div><\/div><h1>\u00a0<\/h1>\t\t\t\t\t\t\t\t<\/div>\n\t\t\t\t<\/div>\n\t\t\t\t\t<\/div>\n\t\t<\/div>\n\t\t\t\t\t<\/div>\n\t\t<\/section>\n\t\t\t\t<\/div>\n\t\t","protected":false},"excerpt":{"rendered":"<p>&#8222;Weil Sie die L\u00f6sung schon in sich tragen, kann sich ver\u00e4ndern was Sorgen bereitet und ausweglos scheint.&#8220; Ich biete Einzel- und Familienberatungen an, die in der Regel 60 Minuten dauern. Die individuellen Bed\u00fcrfnisse und Anliegen meiner Klienten sind mir jedoch sehr wichtig und ich plane auch zeitlich jeden Termin\u00a0 entsprechend. Bei Bedarf biete ich Online-Beratungen &hellip; <\/p>\n<p class=\"link-more\"><a href=\"https:\/\/www.renatekruse.de\/?page_id=224\" class=\"more-link\"><span class=\"screen-reader-text\">\u201eMein Beratungsangebot\u201c<\/span> weiterlesen<\/a><\/p>\n","protected":false},"author":1,"featured_media":549,"parent":0,"menu_order":0,"comment_status":"closed","ping_status":"closed","template":"elementor_header_footer","meta":{"footnotes":""},"class_list":["post-224","page","type-page","status-publish","has-post-thumbnail","hentry"],"yoast_head":"<!-- This site is optimized with the Yoast SEO plugin v27.3 - https:\/\/yoast.com\/product\/yoast-seo-wordpress\/ -->\n<title>Mein Beratungsangebot - Familienberatung - systemisch, l\u00f6sungsorientiert<\/title>\n<meta name=\"description\" content=\"Mein Beratungsangebot Familienberatung - systemisch, l\u00f6sungsorientiert -\" \/>\n<meta name=\"robots\" content=\"index, follow, max-snippet:-1, max-image-preview:large, max-video-preview:-1\" \/>\n<link rel=\"canonical\" href=\"https:\/\/www.renatekruse.de\/?page_id=224\" \/>\n<meta property=\"og:locale\" content=\"de_DE\" \/>\n<meta property=\"og:type\" content=\"article\" \/>\n<meta property=\"og:title\" content=\"Mein Beratungsangebot - Familienberatung - systemisch, l\u00f6sungsorientiert\" \/>\n<meta property=\"og:description\" content=\"Mein Beratungsangebot Familienberatung - systemisch, l\u00f6sungsorientiert -\" \/>\n<meta property=\"og:url\" content=\"https:\/\/www.renatekruse.de\/?page_id=224\" \/>\n<meta property=\"og:site_name\" content=\"Familienberatung - systemisch, l\u00f6sungsorientiert\" \/>\n<meta property=\"article:modified_time\" content=\"2023-06-17T14:23:05+00:00\" \/>\n<meta property=\"og:image\" content=\"https:\/\/www.renatekruse.de\/wp-content\/uploads\/2023\/02\/stone-316225_1280.jpg\" \/>\n\t<meta property=\"og:image:width\" content=\"1280\" \/>\n\t<meta property=\"og:image:height\" content=\"847\" \/>\n\t<meta property=\"og:image:type\" content=\"image\/jpeg\" \/>\n<meta name=\"twitter:card\" content=\"summary_large_image\" \/>\n<meta name=\"twitter:label1\" content=\"Gesch\u00e4tzte Lesezeit\" \/>\n\t<meta name=\"twitter:data1\" content=\"2\u00a0Minuten\" \/>\n<script type=\"application\/ld+json\" class=\"yoast-schema-graph\">{\"@context\":\"https:\\\/\\\/schema.org\",\"@graph\":[{\"@type\":\"WebPage\",\"@id\":\"https:\\\/\\\/www.renatekruse.de\\\/?page_id=224\",\"url\":\"https:\\\/\\\/www.renatekruse.de\\\/?page_id=224\",\"name\":\"Mein Beratungsangebot - Familienberatung - systemisch, l\u00f6sungsorientiert\",\"isPartOf\":{\"@id\":\"https:\\\/\\\/www.renatekruse.de\\\/#website\"},\"primaryImageOfPage\":{\"@id\":\"https:\\\/\\\/www.renatekruse.de\\\/?page_id=224#primaryimage\"},\"image\":{\"@id\":\"https:\\\/\\\/www.renatekruse.de\\\/?page_id=224#primaryimage\"},\"thumbnailUrl\":\"https:\\\/\\\/www.renatekruse.de\\\/wp-content\\\/uploads\\\/2023\\\/02\\\/stone-316225_1280.jpg\",\"datePublished\":\"2022-04-19T11:20:19+00:00\",\"dateModified\":\"2023-06-17T14:23:05+00:00\",\"description\":\"Mein Beratungsangebot Familienberatung - systemisch, l\u00f6sungsorientiert -\",\"breadcrumb\":{\"@id\":\"https:\\\/\\\/www.renatekruse.de\\\/?page_id=224#breadcrumb\"},\"inLanguage\":\"de\",\"potentialAction\":[{\"@type\":\"ReadAction\",\"target\":[\"https:\\\/\\\/www.renatekruse.de\\\/?page_id=224\"]}]},{\"@type\":\"ImageObject\",\"inLanguage\":\"de\",\"@id\":\"https:\\\/\\\/www.renatekruse.de\\\/?page_id=224#primaryimage\",\"url\":\"https:\\\/\\\/www.renatekruse.de\\\/wp-content\\\/uploads\\\/2023\\\/02\\\/stone-316225_1280.jpg\",\"contentUrl\":\"https:\\\/\\\/www.renatekruse.de\\\/wp-content\\\/uploads\\\/2023\\\/02\\\/stone-316225_1280.jpg\",\"width\":1280,\"height\":847,\"caption\":\"Vier Steine als Pyramide gesta\u00fcelt im ruhigen Wasser\"},{\"@type\":\"BreadcrumbList\",\"@id\":\"https:\\\/\\\/www.renatekruse.de\\\/?page_id=224#breadcrumb\",\"itemListElement\":[{\"@type\":\"ListItem\",\"position\":1,\"name\":\"Startseite\",\"item\":\"https:\\\/\\\/www.renatekruse.de\\\/\"},{\"@type\":\"ListItem\",\"position\":2,\"name\":\"Mein Beratungsangebot\"}]},{\"@type\":\"WebSite\",\"@id\":\"https:\\\/\\\/www.renatekruse.de\\\/#website\",\"url\":\"https:\\\/\\\/www.renatekruse.de\\\/\",\"name\":\"Familienberatung und Heilp\u00e4dagogik\",\"description\":\"Renate Kruse, Bergisch Gladbach, Systemische Beratung, Familienberatung, Heilp\u00e4dagogik, Marte Meo Therapie\",\"alternateName\":\"Renate Kruse\",\"potentialAction\":[{\"@type\":\"SearchAction\",\"target\":{\"@type\":\"EntryPoint\",\"urlTemplate\":\"https:\\\/\\\/www.renatekruse.de\\\/?s={search_term_string}\"},\"query-input\":{\"@type\":\"PropertyValueSpecification\",\"valueRequired\":true,\"valueName\":\"search_term_string\"}}],\"inLanguage\":\"de\"}]}<\/script>\n<!-- \/ Yoast SEO plugin. -->","yoast_head_json":{"title":"Mein Beratungsangebot - Familienberatung - systemisch, l\u00f6sungsorientiert","description":"Mein Beratungsangebot Familienberatung - systemisch, l\u00f6sungsorientiert -","robots":{"index":"index","follow":"follow","max-snippet":"max-snippet:-1","max-image-preview":"max-image-preview:large","max-video-preview":"max-video-preview:-1"},"canonical":"https:\/\/www.renatekruse.de\/?page_id=224","og_locale":"de_DE","og_type":"article","og_title":"Mein Beratungsangebot - Familienberatung - systemisch, l\u00f6sungsorientiert","og_description":"Mein Beratungsangebot Familienberatung - systemisch, l\u00f6sungsorientiert -","og_url":"https:\/\/www.renatekruse.de\/?page_id=224","og_site_name":"Familienberatung - systemisch, l\u00f6sungsorientiert","article_modified_time":"2023-06-17T14:23:05+00:00","og_image":[{"width":1280,"height":847,"url":"https:\/\/www.renatekruse.de\/wp-content\/uploads\/2023\/02\/stone-316225_1280.jpg","type":"image\/jpeg"}],"twitter_card":"summary_large_image","twitter_misc":{"Gesch\u00e4tzte Lesezeit":"2\u00a0Minuten"},"schema":{"@context":"https:\/\/schema.org","@graph":[{"@type":"WebPage","@id":"https:\/\/www.renatekruse.de\/?page_id=224","url":"https:\/\/www.renatekruse.de\/?page_id=224","name":"Mein Beratungsangebot - Familienberatung - systemisch, l\u00f6sungsorientiert","isPartOf":{"@id":"https:\/\/www.renatekruse.de\/#website"},"primaryImageOfPage":{"@id":"https:\/\/www.renatekruse.de\/?page_id=224#primaryimage"},"image":{"@id":"https:\/\/www.renatekruse.de\/?page_id=224#primaryimage"},"thumbnailUrl":"https:\/\/www.renatekruse.de\/wp-content\/uploads\/2023\/02\/stone-316225_1280.jpg","datePublished":"2022-04-19T11:20:19+00:00","dateModified":"2023-06-17T14:23:05+00:00","description":"Mein Beratungsangebot Familienberatung - systemisch, l\u00f6sungsorientiert -","breadcrumb":{"@id":"https:\/\/www.renatekruse.de\/?page_id=224#breadcrumb"},"inLanguage":"de","potentialAction":[{"@type":"ReadAction","target":["https:\/\/www.renatekruse.de\/?page_id=224"]}]},{"@type":"ImageObject","inLanguage":"de","@id":"https:\/\/www.renatekruse.de\/?page_id=224#primaryimage","url":"https:\/\/www.renatekruse.de\/wp-content\/uploads\/2023\/02\/stone-316225_1280.jpg","contentUrl":"https:\/\/www.renatekruse.de\/wp-content\/uploads\/2023\/02\/stone-316225_1280.jpg","width":1280,"height":847,"caption":"Vier Steine als Pyramide gesta\u00fcelt im ruhigen Wasser"},{"@type":"BreadcrumbList","@id":"https:\/\/www.renatekruse.de\/?page_id=224#breadcrumb","itemListElement":[{"@type":"ListItem","position":1,"name":"Startseite","item":"https:\/\/www.renatekruse.de\/"},{"@type":"ListItem","position":2,"name":"Mein Beratungsangebot"}]},{"@type":"WebSite","@id":"https:\/\/www.renatekruse.de\/#website","url":"https:\/\/www.renatekruse.de\/","name":"Familienberatung und Heilp\u00e4dagogik","description":"Renate Kruse, Bergisch Gladbach, Systemische Beratung, Familienberatung, Heilp\u00e4dagogik, Marte Meo Therapie","alternateName":"Renate Kruse","potentialAction":[{"@type":"SearchAction","target":{"@type":"EntryPoint","urlTemplate":"https:\/\/www.renatekruse.de\/?s={search_term_string}"},"query-input":{"@type":"PropertyValueSpecification","valueRequired":true,"valueName":"search_term_string"}}],"inLanguage":"de"}]}},"_links":{"self":[{"href":"https:\/\/www.renatekruse.de\/index.php?rest_route=\/wp\/v2\/pages\/224","targetHints":{"allow":["GET"]}}],"collection":[{"href":"https:\/\/www.renatekruse.de\/index.php?rest_route=\/wp\/v2\/pages"}],"about":[{"href":"https:\/\/www.renatekruse.de\/index.php?rest_route=\/wp\/v2\/types\/page"}],"author":[{"embeddable":true,"href":"https:\/\/www.renatekruse.de\/index.php?rest_route=\/wp\/v2\/users\/1"}],"replies":[{"embeddable":true,"href":"https:\/\/www.renatekruse.de\/index.php?rest_route=%2Fwp%2Fv2%2Fcomments&post=224"}],"version-history":[{"count":110,"href":"https:\/\/www.renatekruse.de\/index.php?rest_route=\/wp\/v2\/pages\/224\/revisions"}],"predecessor-version":[{"id":790,"href":"https:\/\/www.renatekruse.de\/index.php?rest_route=\/wp\/v2\/pages\/224\/revisions\/790"}],"wp:featuredmedia":[{"embeddable":true,"href":"https:\/\/www.renatekruse.de\/index.php?rest_route=\/wp\/v2\/media\/549"}],"wp:attachment":[{"href":"https:\/\/www.renatekruse.de\/index.php?rest_route=%2Fwp%2Fv2%2Fmedia&parent=224"}],"curies":[{"name":"wp","href":"https:\/\/api.w.org\/{rel}","templated":true}]}}