{"id":29,"date":"2021-10-21T12:32:53","date_gmt":"2021-10-21T12:32:53","guid":{"rendered":"https:\/\/renatekruse.de\/?page_id=29"},"modified":"2023-10-13T18:27:38","modified_gmt":"2023-10-13T18:27:38","slug":"systemische-beratung","status":"publish","type":"page","link":"https:\/\/www.renatekruse.de\/?page_id=29","title":{"rendered":"Therapie- &#038; Beratungsans\u00e4tze"},"content":{"rendered":"\t\t<div data-elementor-type=\"wp-page\" data-elementor-id=\"29\" class=\"elementor elementor-29\">\n\t\t\t\t\t\t<section class=\"elementor-section elementor-top-section elementor-element elementor-element-7ec620e1 elementor-section-boxed elementor-section-height-default elementor-section-height-default\" data-id=\"7ec620e1\" data-element_type=\"section\" data-e-type=\"section\">\n\t\t\t\t\t\t<div class=\"elementor-container elementor-column-gap-default\">\n\t\t\t\t\t<div class=\"elementor-column elementor-col-100 elementor-top-column elementor-element elementor-element-340f6152\" data-id=\"340f6152\" data-element_type=\"column\" data-e-type=\"column\">\n\t\t\t<div class=\"elementor-widget-wrap elementor-element-populated\">\n\t\t\t\t\t\t<div class=\"elementor-element elementor-element-56957d66 elementor-widget elementor-widget-text-editor\" data-id=\"56957d66\" data-element_type=\"widget\" data-e-type=\"widget\" data-widget_type=\"text-editor.default\">\n\t\t\t\t<div class=\"elementor-widget-container\">\n\t\t\t\t\t\t\t\t\t<p><strong><span style=\"color: #000000;\">SYSTEMISCHE BERATUNG &#8211;\u00a0<\/span><\/strong><span style=\"color: #000000;\"><b>Ganzheitliche Unterst\u00fctzung f\u00fcr Ihr Anliegen<\/b><\/span><strong><br \/><\/strong><\/p><p><span style=\"color: #000000;\">Bei der systemischen Beratung wird Ihr Anliegen aus einem ganzheitlichen Blickwinkel betrachtet &#8211; Ihre Person sowie Ihr privates und gegebenfalls\u00a0 berufliches Umfeld werden einbezogen. Die systemische Beratung bietet Ihnen die Chance, unproduktive Verhaltensmuster loszulassen und Ihre eigenen St\u00e4rken und F\u00e4higkeiten zur L\u00f6sung Ihres Anliegens zu nutzen. Dabei werden Sie durch neue Impulse inspiriert und Ver\u00e4nderungen geschehen oft auf nat\u00fcrliche Weise.<\/span><\/p><p><span style=\"color: #000000;\">Im Mittelpunkt der systemischen Beratung steht das Entdecken alternativer Ideen und Handlungsweisen mit dem Ziel der Pers\u00f6nlichkeitsentwicklung. Methoden wie zirkul\u00e4re Fragen, die Wunderfrage, das Reframing, Genogrammarbeit und die Arbeit mit Familienskulpturen werden eingesetzt, um die Bedingungen f\u00fcr Alternativen zu erkunden.<\/span><\/p><p><span style=\"color: #000000;\">Systemische Berater*innen betrachten Ratsuchende als &#8222;Experten in eigener Sache&#8220;. Ihre Haltung ist gepr\u00e4gt von Akzeptanz, Einf\u00fchlungsverm\u00f6gen, Unvoreingenommenheit und Wertsch\u00e4tzung. Sie gehen davon aus, dass jeder Mensch eigene L\u00f6sungen entwickeln kann und arbeiten mit den vorhandenen Ressourcen und Kompetenzen. Systemische Beratung orientiert sich am Anliegen und den W\u00fcnschen des Klienten und zielt darauf ab, alle vom Problem betroffenen Personen zusammenzubringen, um neue Wege der Aufkl\u00e4rung, Konfliktl\u00f6sung und Neuorientierung aufzuzeigen.<\/span><\/p><div>\u00a0<\/div><p><span style=\"color: #000000;\"><strong>HEILP\u00c4DAGOGIK &#8211;\u00a0<\/strong><\/span><span style=\"color: #000000;\"><b> Entwicklungsunterst\u00fctzung und erleben individueller Kompetenzen<br \/><\/b><\/span><\/p><p><span style=\"color: #000000;\">Heilp\u00e4dagogik nutzt Erkenntnisse aus der P\u00e4dagogik, Psychologie, Medizin und Soziologie und betrachtet den Menschen mit all seinen F\u00e4higkeiten, Ressourcen, Problemen und Belastungen, eingebunden in sein soziales Umfeld. Im Fokus der Beratung und in begleitender Behandlung steht die Entwicklung pers\u00f6nlicher Kompetenzen, um Hindernisse zu \u00fcberwinden und den eigenen Weg zu finden.<\/span><\/p><p><span style=\"color: #000000;\">Heilp\u00e4dagogik basiert auf einer gezielten und differenzierten Beobachtung und erfordert ein breites Spektrum an Kenntnissen \u00fcber Entwicklungsauff\u00e4lligkeiten, Behinderungsformen und Verhaltensst\u00f6rungen.<\/span><\/p><div>\u00a0<\/div><p><span style=\"color: #000000;\"><strong>MARTE MEO THERAPIE<\/strong><\/span><\/p><p><span style=\"color: #000000;\">Ist eine Unterst\u00fctzung f\u00fcr Eltern durch Videobilder. Sie bekommen die M\u00f6glichkeit, unterst\u00fctzende Kommunikations,- und Interaktionsf\u00e4higkeiten mit Hilfe der Videobilder wahrzunehmen, zu trainieren und weiterzuentwickeln.<\/span><\/p><p><span style=\"color: #000000;\">Der Begriff &#8222;Marte Meo&#8220;\u00a0 kommt aus dem Lateinischen und bedeutet &#8222;aus eigener Kraft&#8220;. Wir wollen F\u00e4higkeiten aufzeigen, aktivieren und helfen sie weiterzuentwickeln. Das Ziel ist, Sie zu ermutigen eigene M\u00f6glichkeiten zu nutzen, um Entwicklungsprozesse anzuregen. Mit der Marte Meo-Methode werden Ihnen Videobilder von gelungenen Situationen im Alltag vermittelt. So erlangen Sie Kenntnis von Ihren eigenen St\u00e4rken und k\u00f6nnen diese weiterentwickeln.<br \/><\/span><\/p><p><span style=\"color: #000000;\"><b><br \/>MEINE PRAXIS \u2013 Praxis f\u00fcr l\u00f6sungsorientierte Beratung<\/b><\/span><\/p><p><span style=\"color: #000000;\">Ihre individuellen\u00a0Fragestellungen und Anliegen sind mir wichtig.<\/span><\/p><p><span style=\"color: #000000; font-family: var( --e-global-typography-text-font-family ), Sans-serif; font-weight: var( --e-global-typography-text-font-weight ); font-size: 1rem;\">Alltagswirksame L\u00f6sungen sollen zu sp\u00fcrbarer Entlastung beitragen und die Zunahme pers\u00f6nlicher Zufriedenheit soll wahrnehmbar werden.<\/span><\/p><p><span style=\"color: #7a7a7a;\"><b>Ein Perspektivwechsel kann die Sicht auf Probleme erneuern. Ihr Wunsch nach Ver\u00e4nderung kann was bewegen.<\/b><\/span><span style=\"color: #000000;\">\u00a0<\/span><\/p><p><span style=\"color: #000000;\">Der Fokus liegt auf dem Erkennen, Aufbauen und St\u00e4rken Ihrer eigenen M\u00f6glichkeiten.<\/span><\/p><p><span style=\"color: #000000; font-family: var( --e-global-typography-text-font-family ), Sans-serif; font-weight: var( --e-global-typography-text-font-weight ); font-size: 1rem;\">Das L\u00f6sen von Problemen wird m\u00f6glich.<\/span><\/p><p><span style=\"color: #000000;\"><b><br \/>DARUM GEHT ES<\/b><\/span><\/p><ul><li style=\"list-style-type: none;\"><ul><li><span style=\"color: #000000;\">Gelingen von Alltag, Familie und Beruf<\/span><\/li><li><span style=\"color: #000000;\">Aufl\u00f6sen negativer Gedankenschleifen <br \/><\/span><\/li><li><span style=\"color: #000000;\">Entscheidungsfindung und Stressbew\u00e4ltigung<\/span><\/li><li><span style=\"color: #000000;\">Wiedergewinnen von Handlungsf\u00e4higkeit <br \/><\/span><\/li><\/ul><\/li><\/ul><p><span style=\"color: #000000;\">\u00a0<\/span><\/p>\t\t\t\t\t\t\t\t<\/div>\n\t\t\t\t<\/div>\n\t\t\t\t\t<\/div>\n\t\t<\/div>\n\t\t\t\t\t<\/div>\n\t\t<\/section>\n\t\t\t\t<\/div>\n\t\t","protected":false},"excerpt":{"rendered":"<p>SYSTEMISCHE BERATUNG &#8211;\u00a0Ganzheitliche Unterst\u00fctzung f\u00fcr Ihr Anliegen Bei der systemischen Beratung wird Ihr Anliegen aus einem ganzheitlichen Blickwinkel betrachtet &#8211; Ihre Person sowie Ihr privates und gegebenfalls\u00a0 berufliches Umfeld werden einbezogen. Die systemische Beratung bietet Ihnen die Chance, unproduktive Verhaltensmuster loszulassen und Ihre eigenen St\u00e4rken und F\u00e4higkeiten zur L\u00f6sung Ihres Anliegens zu nutzen. Dabei werden &hellip; <\/p>\n<p class=\"link-more\"><a href=\"https:\/\/www.renatekruse.de\/?page_id=29\" class=\"more-link\"><span class=\"screen-reader-text\">\u201eTherapie- &#038; Beratungsans\u00e4tze\u201c<\/span> weiterlesen<\/a><\/p>\n","protected":false},"author":2,"featured_media":466,"parent":0,"menu_order":0,"comment_status":"closed","ping_status":"closed","template":"","meta":{"footnotes":""},"class_list":["post-29","page","type-page","status-publish","has-post-thumbnail","hentry"],"yoast_head":"<!-- This site is optimized with the Yoast SEO plugin v27.3 - https:\/\/yoast.com\/product\/yoast-seo-wordpress\/ -->\n<title>Therapie- &amp; Beratungsans\u00e4tze - Familienberatung - systemisch, l\u00f6sungsorientiert<\/title>\n<meta name=\"description\" content=\"Therapie- &amp; Beratungsans\u00e4tze Familienberatung - systemisch, l\u00f6sungsorientiert -\" \/>\n<meta name=\"robots\" content=\"index, follow, max-snippet:-1, max-image-preview:large, max-video-preview:-1\" \/>\n<link rel=\"canonical\" href=\"https:\/\/www.renatekruse.de\/?page_id=29\" \/>\n<meta property=\"og:locale\" content=\"de_DE\" \/>\n<meta property=\"og:type\" content=\"article\" \/>\n<meta property=\"og:title\" content=\"Therapie- &amp; Beratungsans\u00e4tze - Familienberatung - systemisch, l\u00f6sungsorientiert\" \/>\n<meta property=\"og:description\" content=\"Therapie- &amp; Beratungsans\u00e4tze Familienberatung - systemisch, l\u00f6sungsorientiert -\" \/>\n<meta property=\"og:url\" content=\"https:\/\/www.renatekruse.de\/?page_id=29\" \/>\n<meta property=\"og:site_name\" content=\"Familienberatung - systemisch, l\u00f6sungsorientiert\" \/>\n<meta property=\"article:modified_time\" content=\"2023-10-13T18:27:38+00:00\" \/>\n<meta property=\"og:image\" content=\"https:\/\/www.renatekruse.de\/wp-content\/uploads\/2023\/02\/flowers-276014_1920.jpg\" \/>\n\t<meta property=\"og:image:width\" content=\"1920\" \/>\n\t<meta property=\"og:image:height\" content=\"1221\" \/>\n\t<meta property=\"og:image:type\" content=\"image\/jpeg\" \/>\n<meta name=\"twitter:card\" content=\"summary_large_image\" \/>\n<meta name=\"twitter:label1\" content=\"Gesch\u00e4tzte Lesezeit\" \/>\n\t<meta name=\"twitter:data1\" content=\"3\u00a0Minuten\" \/>\n<script type=\"application\/ld+json\" class=\"yoast-schema-graph\">{\"@context\":\"https:\\\/\\\/schema.org\",\"@graph\":[{\"@type\":\"WebPage\",\"@id\":\"https:\\\/\\\/www.renatekruse.de\\\/?page_id=29\",\"url\":\"https:\\\/\\\/www.renatekruse.de\\\/?page_id=29\",\"name\":\"Therapie- & Beratungsans\u00e4tze - Familienberatung - systemisch, l\u00f6sungsorientiert\",\"isPartOf\":{\"@id\":\"https:\\\/\\\/www.renatekruse.de\\\/#website\"},\"primaryImageOfPage\":{\"@id\":\"https:\\\/\\\/www.renatekruse.de\\\/?page_id=29#primaryimage\"},\"image\":{\"@id\":\"https:\\\/\\\/www.renatekruse.de\\\/?page_id=29#primaryimage\"},\"thumbnailUrl\":\"https:\\\/\\\/www.renatekruse.de\\\/wp-content\\\/uploads\\\/2023\\\/02\\\/flowers-276014_1920.jpg\",\"datePublished\":\"2021-10-21T12:32:53+00:00\",\"dateModified\":\"2023-10-13T18:27:38+00:00\",\"description\":\"Therapie- & Beratungsans\u00e4tze Familienberatung - systemisch, l\u00f6sungsorientiert -\",\"breadcrumb\":{\"@id\":\"https:\\\/\\\/www.renatekruse.de\\\/?page_id=29#breadcrumb\"},\"inLanguage\":\"de\",\"potentialAction\":[{\"@type\":\"ReadAction\",\"target\":[\"https:\\\/\\\/www.renatekruse.de\\\/?page_id=29\"]}]},{\"@type\":\"ImageObject\",\"inLanguage\":\"de\",\"@id\":\"https:\\\/\\\/www.renatekruse.de\\\/?page_id=29#primaryimage\",\"url\":\"https:\\\/\\\/www.renatekruse.de\\\/wp-content\\\/uploads\\\/2023\\\/02\\\/flowers-276014_1920.jpg\",\"contentUrl\":\"https:\\\/\\\/www.renatekruse.de\\\/wp-content\\\/uploads\\\/2023\\\/02\\\/flowers-276014_1920.jpg\",\"width\":1920,\"height\":1221,\"caption\":\"Gr\u00fcne Wiese mit wei\u00dfen Blumen und der Sonne im Hintergrund\"},{\"@type\":\"BreadcrumbList\",\"@id\":\"https:\\\/\\\/www.renatekruse.de\\\/?page_id=29#breadcrumb\",\"itemListElement\":[{\"@type\":\"ListItem\",\"position\":1,\"name\":\"Startseite\",\"item\":\"https:\\\/\\\/www.renatekruse.de\\\/\"},{\"@type\":\"ListItem\",\"position\":2,\"name\":\"Therapie- &#038; Beratungsans\u00e4tze\"}]},{\"@type\":\"WebSite\",\"@id\":\"https:\\\/\\\/www.renatekruse.de\\\/#website\",\"url\":\"https:\\\/\\\/www.renatekruse.de\\\/\",\"name\":\"Familienberatung und Heilp\u00e4dagogik\",\"description\":\"Renate Kruse, Bergisch Gladbach, Systemische Beratung, Familienberatung, Heilp\u00e4dagogik, Marte Meo Therapie\",\"alternateName\":\"Renate Kruse\",\"potentialAction\":[{\"@type\":\"SearchAction\",\"target\":{\"@type\":\"EntryPoint\",\"urlTemplate\":\"https:\\\/\\\/www.renatekruse.de\\\/?s={search_term_string}\"},\"query-input\":{\"@type\":\"PropertyValueSpecification\",\"valueRequired\":true,\"valueName\":\"search_term_string\"}}],\"inLanguage\":\"de\"}]}<\/script>\n<!-- \/ Yoast SEO plugin. -->","yoast_head_json":{"title":"Therapie- & Beratungsans\u00e4tze - Familienberatung - systemisch, l\u00f6sungsorientiert","description":"Therapie- & Beratungsans\u00e4tze Familienberatung - systemisch, l\u00f6sungsorientiert -","robots":{"index":"index","follow":"follow","max-snippet":"max-snippet:-1","max-image-preview":"max-image-preview:large","max-video-preview":"max-video-preview:-1"},"canonical":"https:\/\/www.renatekruse.de\/?page_id=29","og_locale":"de_DE","og_type":"article","og_title":"Therapie- & Beratungsans\u00e4tze - Familienberatung - systemisch, l\u00f6sungsorientiert","og_description":"Therapie- & Beratungsans\u00e4tze Familienberatung - systemisch, l\u00f6sungsorientiert -","og_url":"https:\/\/www.renatekruse.de\/?page_id=29","og_site_name":"Familienberatung - systemisch, l\u00f6sungsorientiert","article_modified_time":"2023-10-13T18:27:38+00:00","og_image":[{"width":1920,"height":1221,"url":"https:\/\/www.renatekruse.de\/wp-content\/uploads\/2023\/02\/flowers-276014_1920.jpg","type":"image\/jpeg"}],"twitter_card":"summary_large_image","twitter_misc":{"Gesch\u00e4tzte Lesezeit":"3\u00a0Minuten"},"schema":{"@context":"https:\/\/schema.org","@graph":[{"@type":"WebPage","@id":"https:\/\/www.renatekruse.de\/?page_id=29","url":"https:\/\/www.renatekruse.de\/?page_id=29","name":"Therapie- & Beratungsans\u00e4tze - Familienberatung - systemisch, l\u00f6sungsorientiert","isPartOf":{"@id":"https:\/\/www.renatekruse.de\/#website"},"primaryImageOfPage":{"@id":"https:\/\/www.renatekruse.de\/?page_id=29#primaryimage"},"image":{"@id":"https:\/\/www.renatekruse.de\/?page_id=29#primaryimage"},"thumbnailUrl":"https:\/\/www.renatekruse.de\/wp-content\/uploads\/2023\/02\/flowers-276014_1920.jpg","datePublished":"2021-10-21T12:32:53+00:00","dateModified":"2023-10-13T18:27:38+00:00","description":"Therapie- & Beratungsans\u00e4tze Familienberatung - systemisch, l\u00f6sungsorientiert -","breadcrumb":{"@id":"https:\/\/www.renatekruse.de\/?page_id=29#breadcrumb"},"inLanguage":"de","potentialAction":[{"@type":"ReadAction","target":["https:\/\/www.renatekruse.de\/?page_id=29"]}]},{"@type":"ImageObject","inLanguage":"de","@id":"https:\/\/www.renatekruse.de\/?page_id=29#primaryimage","url":"https:\/\/www.renatekruse.de\/wp-content\/uploads\/2023\/02\/flowers-276014_1920.jpg","contentUrl":"https:\/\/www.renatekruse.de\/wp-content\/uploads\/2023\/02\/flowers-276014_1920.jpg","width":1920,"height":1221,"caption":"Gr\u00fcne Wiese mit wei\u00dfen Blumen und der Sonne im Hintergrund"},{"@type":"BreadcrumbList","@id":"https:\/\/www.renatekruse.de\/?page_id=29#breadcrumb","itemListElement":[{"@type":"ListItem","position":1,"name":"Startseite","item":"https:\/\/www.renatekruse.de\/"},{"@type":"ListItem","position":2,"name":"Therapie- &#038; Beratungsans\u00e4tze"}]},{"@type":"WebSite","@id":"https:\/\/www.renatekruse.de\/#website","url":"https:\/\/www.renatekruse.de\/","name":"Familienberatung und Heilp\u00e4dagogik","description":"Renate Kruse, Bergisch Gladbach, Systemische Beratung, Familienberatung, Heilp\u00e4dagogik, Marte Meo Therapie","alternateName":"Renate Kruse","potentialAction":[{"@type":"SearchAction","target":{"@type":"EntryPoint","urlTemplate":"https:\/\/www.renatekruse.de\/?s={search_term_string}"},"query-input":{"@type":"PropertyValueSpecification","valueRequired":true,"valueName":"search_term_string"}}],"inLanguage":"de"}]}},"_links":{"self":[{"href":"https:\/\/www.renatekruse.de\/index.php?rest_route=\/wp\/v2\/pages\/29","targetHints":{"allow":["GET"]}}],"collection":[{"href":"https:\/\/www.renatekruse.de\/index.php?rest_route=\/wp\/v2\/pages"}],"about":[{"href":"https:\/\/www.renatekruse.de\/index.php?rest_route=\/wp\/v2\/types\/page"}],"author":[{"embeddable":true,"href":"https:\/\/www.renatekruse.de\/index.php?rest_route=\/wp\/v2\/users\/2"}],"replies":[{"embeddable":true,"href":"https:\/\/www.renatekruse.de\/index.php?rest_route=%2Fwp%2Fv2%2Fcomments&post=29"}],"version-history":[{"count":101,"href":"https:\/\/www.renatekruse.de\/index.php?rest_route=\/wp\/v2\/pages\/29\/revisions"}],"predecessor-version":[{"id":829,"href":"https:\/\/www.renatekruse.de\/index.php?rest_route=\/wp\/v2\/pages\/29\/revisions\/829"}],"wp:featuredmedia":[{"embeddable":true,"href":"https:\/\/www.renatekruse.de\/index.php?rest_route=\/wp\/v2\/media\/466"}],"wp:attachment":[{"href":"https:\/\/www.renatekruse.de\/index.php?rest_route=%2Fwp%2Fv2%2Fmedia&parent=29"}],"curies":[{"name":"wp","href":"https:\/\/api.w.org\/{rel}","templated":true}]}}